 d be 2/13 + (-8772)/(-442). What is the highest common factor of d and 10?
10
Let a be -3*(-4)/(-36)*-423. What is the greatest common factor of 47 and a?
47
Let o(t) = t**2 + 5*t + 8. Let f be o(-4). Suppose 5*r = -2*n + f, -r + 0 = 2. Suppose j - 49 - 28 = 0. Calculate the greatest common divisor of n and j.
7
Suppose 2*k = 2*c - 3*k - 19, -4*c + k = -29. Let f = 163 + -114. What is the greatest common factor of f and c?
7
Let g be ((-96)/(-2))/(-6*2/(-60)). What is the greatest common divisor of g and 15?
15
Let x(y) = -y**2 + 13*y - 3. Let v(f) = 0 - 3 + 2 + 2. Let z(c) = -v(c) + x(c). Let m be z(12). Calculate the highest common divisor of 32 and m.
8
Suppose -40 = 8*s - 584. Calculate the highest common divisor of s and 17.
17
Let m(w) = -14 + 6 + 0*w - w + 3*w. Let g be m(4). Suppose -5*d + 10 = -g*d. Calculate the greatest common factor of 6 and d.
2
Let l be ((-48)/(-9))/(3/225). Suppose -q + l = q. Suppose -150 = -x + 4*j + j, -x + q = 5*j. What is the greatest common divisor of 70 and x?
35
Let y(z) = 35*z**2 - z. Let v be y(-1). Suppose 5*d + f = 124, 3*d - 5*d + 3*f = -36. Calculate the highest common divisor of d and v.
12
Suppose 0 = 4*t + 3 - 11. Suppose -209 = t*o - 3*o. Calculate the highest common divisor of 19 and o.
19
Suppose -245 = -60*h + 11*h. Calculate the highest common factor of 85 and h.
5
Let j = 94 - 65. Suppose 4*m + j = 109. Let s be 3/5 - (-48)/m. What is the greatest common divisor of s and 33?
3
Let v(h) = 4 + 3*h + 0*h + h**2 + h + 0*h**2. Let z be ((-4)/(-5))/(1/(-5)). Let u be v(z). Calculate the greatest common factor of 32 and u.
4
Let v(x) be the first derivative of -15*x**2 - 8*x - 11. Let y be v(-4). Calculate the greatest common factor of y and 14.
14
Suppose 0 = -4*l + 46 + 2. Suppose 0 = -2*i + q + 21, -3*q + 33 = 2*i - 0*q. What is the greatest common factor of i and l?
12
Suppose 41 - 349 = -4*t. Let m = -19 + 30. Calculate the greatest common divisor of t and m.
11
Let r(t) = -t**2 + 5*t - 2. Let y be r(3). Suppose y*s - h - 110 = 0, -10 = -4*h - h. What is the greatest common factor of 70 and s?
14
Let x = -2 - -41. Let j = x + 18. Calculate the greatest common factor of j and 57.
57
Suppose -97 = -8*x + 15. Calculate the highest common factor of 140 and x.
14
Suppose 4*v = 5*u - 226, u - 8 = -5*v + 14. Let o = -10 - -16. Calculate the highest common divisor of u and o.
6
Suppose -595 = -5*i - 2*u, -u + 0*u = 4*i - 479. What is the greatest common divisor of 11 and i?
11
Suppose -4*d - 12 + 20 = 0. Suppose -d*n + 321 = v, 1 - 2 = -v. What is the greatest common divisor of n and 20?
20
Let b(h) = h**3 - 2*h**2 + 4*h - 3. Let q be b(2). Suppose -q*g + 172 = a, a - 3*a - 146 = -4*g. Calculate the greatest common divisor of g and 175.
35
Let s be (-8)/36 - (-1000)/45. Let y = 104 + s. Let x be 15 + (-1 - (-1 - -1)). Calculate the highest common factor of x and y.
14
Let k(s) = 4*s + 9. Let c be k(0). Let v = 10 - 5. Suppose -c + v = -t. What is the greatest common divisor of t and 8?
4
Let g(y) = 4*y + 8. Let p(i) = i + 2. Let b(c) = -2*g(c) + 9*p(c). Let q be b(6). Suppose -408 = -3*f - 144. Calculate the greatest common divisor of q and f.
8
Let p(d) = d**3 + 25*d**2 - 29*d - 45. Let c be p(-26). What is the highest common factor of 176 and c?
11
Let y be (1 + 3 - 2) + 0. Suppose 0 = y*p - 7*p + 400. Suppose 0 = 5*i + 5, 3*a - p = 3*i + 31. Calculate the greatest common factor of 4 and a.
4
Let p = 1387 - 1021. What is the greatest common divisor of p and 30?
6
Suppose -5*d = -2*z + 6892, 9*z - 5*z - 3*d = 13770. Calculate the highest common divisor of z and 93.
93
Suppose -3*k - 161 = 5*m, -k = -5*m - 0*k - 173. Let w = m - -45. Calculate the greatest common factor of 121 and w.
11
Suppose 4*b - 38 = -3*s - 0, 3*s - 24 = 3*b. Calculate the highest common divisor of 195 and s.
5
Let i(v) = v**2 - 3*v - 20. Let c be i(-6). Suppose -7*y = -3*y - 340. What is the greatest common divisor of c and y?
17
Let n(o) be the second derivative of 25*o**3/6 + 3*o**2/2 + o. Let m = 254 - 251. Let d be n(m). Calculate the highest common divisor of 26 and d.
26
Suppose -2*k - 10*m = -13*m - 26, 42 = 2*k + 5*m. Let y(n) = 20*n. Let o be y(4). Calculate the greatest common factor of k and o.
16
Suppose 0 = -3*t + 6*t + 3*s - 81, 2*s - 6 = 0. Suppose -k = q - 2*q - 6, -q - t = -3*k. Calculate the greatest common divisor of 72 and k.
9
Let i be -31*(-4)/(16/52). Suppose 5*b - 402 = -0*y + 3*y, -5*b + 2*y = -i. Calculate the highest common factor of b and 27.
27
Let s be -3*(0 + (-132)/9). What is the highest common factor of 55 and s?
11
Suppose -144 = 2*c + 3*u - 0*u, 3*c = -4*u - 217. Let l = -31 + 11. Let h be l/(-6)*c/(-10). Calculate the highest common divisor of h and 5.
5
Let j(o) = o**3 + 9*o**2 - 25*o + 7. Let g be j(-11). Calculate the greatest common divisor of 120 and g.
40
Let w = 2 - -2. Suppose -5*c + 9 = -4*b, -3*c + 2 = w*b - 29. Suppose 4*l = 2*x + 66, -l - 13 = -3*l + c*x. What is the greatest common divisor of 57 and l?
19
Let d = 20 + 1. Let z = d - -1. Calculate the greatest common factor of 44 and z.
22
Let r(f) = f**3 - 10*f**2 + 9*f + 4. Let i be r(9). Suppose 3*x + 3*m = 345, -3*x - i*m + 53 = -297. Calculate the greatest common divisor of x and 11.
11
Suppose -42 = -3*l - 4*v, 4*l - 2*v - v = 56. Let q be ((-16)/l)/(31/(-217)). What is the highest common factor of q and 64?
8
Let f = 5 - -15. Suppose 27*j = 85 + 50. What is the greatest common divisor of f and j?
5
Let c be -7 + 3 - (-4 + -75). Suppose -5*p + a + c = 0, 5*p + 5*a - 56 - 19 = 0. What is the greatest common divisor of 15 and p?
15
Let k = -6 + 14. Let s(j) be the first derivative of j**3/3 - 5*j**2/2 - 6*j - 2. Let a be s(k). Calculate the greatest common factor of a and 45.
9
Suppose -576 = -4*h + 364. Suppose 62 = 9*q - h. Suppose 4*c - 15 - 29 = 0. Calculate the highest common divisor of q and c.
11
Let l be 16/(-40) - (-87)/5. Let a be 1 - (-134)/(-1 - 1). Let h = -49 - a. What is the highest common factor of l and h?
17
Suppose 6*a = 30*a - 840. Calculate the greatest common factor of a and 280.
35
Let d = 8 - 6. Suppose -7*p = -d*p - 15. Suppose p*b = 11 + 22. What is the greatest common divisor of b and 121?
11
Let p(b) = -19*b - 5. Let z be p(-5). Let j(c) = -c - 8. Let u be j(-6). Let n = 20 + u. What is the highest common divisor of n and z?
18
Let q(g) = g**3 + 31*g**2 + 25*g - 142. Let d be q(-30). What is the greatest common divisor of d and 20?
4
Let l = -2468 - -2533. Let b = -9 + 22. Calculate the greatest common factor of l and b.
13
Let t = -2269 + 2354. What is the highest common divisor of t and 10?
5
Suppose 0 = 3*g - 3*y + 231, 174 = -2*g - y - 2*y. Let q be (180/g)/(4/(-18)). What is the greatest common divisor of 30 and q?
10
Suppose -5*x = -b - 0*b - 19, 0 = x + 5*b + 17. Suppose x*g + 0 = 3, 19 = 5*h - g. What is the highest common factor of 2 and h?
2
Let j = 111 - 55. What is the highest common factor of j and 7?
7
Let m(c) = -c**3 + 12*c**2. Let w be m(12). Suppose -17 = -w*x - 2*x + 5*h, h = 4*x - 7. Let j = x + 15. Calculate the highest common divisor of 48 and j.
16
Suppose 0 = 5*s - 3*v - 910, 0 = -4*s - 4*v + 291 + 469. Calculate the highest common divisor of s and 333.
37
Let d be (-20 - (-7 + -3)) + 60. Calculate the highest common factor of 1 and d.
1
Let n be ((-4)/(-6))/((-2)/(-45)). Let t = -4 + n. Suppose -2*z + t + 3 = 0. Calculate the highest common divisor of 49 and z.
7
Let u(s) = s**2 + s - 3. Let t be u(2). Suppose -l = -2*f + 20 - 3, 3*f + t*l = 48. What is the highest common factor of f and 77?
11
Let b(j) = 86*j - 3. Let f be b(-3). Let v = -151 - f. Suppose -8*z = -13*z + v. What is the highest common divisor of 176 and z?
22
Suppose -2*j = -9 + 1. Suppose 0 = -9*o + j*o, -5*z - 3*o = -420. Calculate the highest common divisor of z and 12.
12
Suppose 22*f - 59 = 21*f. Suppose 0 = j - 3*g - f, 2*j - 4*g + 24 = 3*j. What is the highest common divisor of 11 and j?
11
Let l = -1347 + 1383. Calculate the highest common factor of 1788 and l.
12
Suppose -1295 = 34*r - 39*r. Suppose 5*n = 4*n + 5*u + 32, -39 = -n - 2*u. What is the highest common divisor of r and n?
37
Let g be (32 + -62)/((3 + -1)*-1). Suppose -3*q + 40 = -q. What is the highest common divisor of g and q?
5
